{"id":5970,"date":"2019-12-11T22:37:25","date_gmt":"2019-12-11T20:37:25","guid":{"rendered":"http:\/\/www.ebsv.at\/?page_id=5970"},"modified":"2023-10-24T23:46:13","modified_gmt":"2023-10-24T21:46:13","slug":"platzordnung-fuer-alle-ebsv-bogensportanlagen","status":"publish","type":"page","link":"https:\/\/www.ebsv.at\/?page_id=5970","title":{"rendered":"Platzordnung f\u00fcr alle EBSV &#8211; Bogensportanlagen"},"content":{"rendered":"<p><img loading=\"lazy\" decoding=\"async\" class=\"alignright wp-image-7\" src=\"https:\/\/www.ebsv.at\/wp-content\/uploads\/2013\/05\/EBSV-293x300.jpg\" alt=\"\" width=\"100\" height=\"102\" srcset=\"https:\/\/www.ebsv.at\/wp-content\/uploads\/2013\/05\/EBSV-293x300.jpg 293w, https:\/\/www.ebsv.at\/wp-content\/uploads\/2013\/05\/EBSV-1000x1024.jpg 1000w, https:\/\/www.ebsv.at\/wp-content\/uploads\/2013\/05\/EBSV.jpg 1529w\" sizes=\"auto, (max-width: 100px) 100vw, 100px\" \/><br \/>\nHinweis: Zus\u00e4tzliche, an den EBSV- Bogensportanlagen ver\u00f6ffentlichten Regeln, die die Sicherheit noch erh\u00f6hen, gelten ebenfalls!<\/p>\n<p>Der Bogenschie\u00dfplatz (die Bogenschie\u00dfhalle; der 3-D Parcours) dient zum Bogenschie\u00dfen auf die daf\u00fcr aufgestellten Scheiben und 3-D Tiere.<\/p>\n<p>Ben\u00fctzung der EBSV-Sportanlage f\u00fcr Nicht-Mitglieder durch erlangen einer Tageskarte gestattet.<\/p>\n<p>Nachdem sich der Sch\u00fctze vergewissert hat dass sich in Schussrichtung niemand befindet und keine Person gef\u00e4hrdet werden kann darf der Bogen auf der Schusslinie (Abschuss Pflock) in Richtung der jeweiligen Scheibe(3-D Tiere) gespannt werden.<\/p>\n<p>Die gedachte Verl\u00e4ngerung des Pfeils beim Ausziehen des Bogens ist waagrecht oder sie zeigt nach unten; aber keinesfalls \u00fcber die Scheibe.<\/p>\n<p><u>Die Verwendung von Armbr\u00fcsten ist aus Sicherheitsgr\u00fcnden verboten.<\/u><\/p>\n<p>Jeder ist f\u00fcr seine und die Sicherheit der Anderen verantwortlich.<\/p>\n<p>Die Pfeile werden nur gezogen wenn die Sch\u00fctzen seitlich der Tafel stehen, da auch in diesem Fall Verletzungen im Gesichtsbereich passieren k\u00f6nnen.<\/p>\n<p>Im Rahmen einer \u00dcbungsstunde ist es Nicht-Mitgliedern erlaubt die Bogensportanlagen des EBSV zu ben\u00fctzen.<br \/>\nKinder und Jugendliche d\u00fcrfen nur in Begleitung Ihrer Eltern unter Aufsicht eines Aktionsleiters im Rahmen eines Kurses oder einer Schnupperstunde die Anlagen des EBSV betreten und ben\u00fctzen.<\/p>\n<p>Abf\u00e4lle bitte wieder mitnehmen!<\/p>\n","protected":false},"excerpt":{"rendered":"<p>Hinweis: Zus\u00e4tzliche, an den EBSV- Bogensportanlagen ver\u00f6ffentlichten Regeln, die die Sicherheit noch erh\u00f6hen, gelten ebenfalls! Der Bogenschie\u00dfplatz (die Bogenschie\u00dfhalle; der 3-D Parcours) dient zum Bogenschie\u00dfen auf die daf\u00fcr aufgestellten Scheiben und 3-D Tiere. Ben\u00fctzung der EBSV-Sportanlage f\u00fcr Nicht-Mitglieder durch erlangen &hellip; <a href=\"https:\/\/www.ebsv.at\/?page_id=5970\">Weiterlesen <span class=\"meta-nav\">&rarr;<\/span><\/a><\/p>\n","protected":false},"author":2,"featured_media":0,"parent":31,"menu_order":0,"comment_status":"closed","ping_status":"closed","template":"","meta":{"ngg_post_thumbnail":0,"footnotes":""},"class_list":["post-5970","page","type-page","status-publish","hentry"],"_links":{"self":[{"href":"https:\/\/www.ebsv.at\/index.php?rest_route=\/wp\/v2\/pages\/5970","targetHints":{"allow":["GET"]}}],"collection":[{"href":"https:\/\/www.ebsv.at\/index.php?rest_route=\/wp\/v2\/pages"}],"about":[{"href":"https:\/\/www.ebsv.at\/index.php?rest_route=\/wp\/v2\/types\/page"}],"author":[{"embeddable":true,"href":"https:\/\/www.ebsv.at\/index.php?rest_route=\/wp\/v2\/users\/2"}],"replies":[{"embeddable":true,"href":"https:\/\/www.ebsv.at\/index.php?rest_route=%2Fwp%2Fv2%2Fcomments&post=5970"}],"version-history":[{"count":11,"href":"https:\/\/www.ebsv.at\/index.php?rest_route=\/wp\/v2\/pages\/5970\/revisions"}],"predecessor-version":[{"id":7093,"href":"https:\/\/www.ebsv.at\/index.php?rest_route=\/wp\/v2\/pages\/5970\/revisions\/7093"}],"up":[{"embeddable":true,"href":"https:\/\/www.ebsv.at\/index.php?rest_route=\/wp\/v2\/pages\/31"}],"wp:attachment":[{"href":"https:\/\/www.ebsv.at\/index.php?rest_route=%2Fwp%2Fv2%2Fmedia&parent=5970"}],"curies":[{"name":"wp","href":"https:\/\/api.w.org\/{rel}","templated":true}]}}